(-38 + 57).
-38
What is -3 - 61 - ((1311 - 1309) + -13 + 1 + -1)?
-53
What is the value of -1 - ((0 - 27) + (12 + -36 - -17))?
33
5 + 31 + -37 + (8 - 62) + 0 + 2
-53
Calculate 24 + -7 + 5 - (80 - 28).
-30
Calculate 4 - 5 - ((-11 - (-1 + 2)) + (152 - 191)).
50
Evaluate -31 + (62 - 14) - (-3 + 13 - -2).
5
What is 12 + (-8 - (1 - 14) - -2) + -4 + 14?
29
Evaluate -9 - 2 - ((-33 - (12 - 21)) + 83).
-70
Calculate -19 - (-16 + 1 - (-97 + 81) - (7 + -1)).
-14
Calculate -6 + 14 + (-27 - 16) + (-24 - -11).
-48
What is (64 + -105 - (15 - 35)) + 46?
25
What is 26 + -69 + -29 - -110?
38
(20 - (-3 + 38 + -24 + -3)) + 0 + 10
22
(340 + -327 - (2 + -49)) + 7 + (5 - 2)
70
What is (-299 - -111 - -184) + -38 + -1?
-43
What is -8 + (212 + -219 - (-12 + 2 - 0))?
-5
(-22 - 21) + 12 + (-9 + 9 - 9) + 3
-37
What is 80 + (-82 - 44) + 57?
11
Calculate 10 + (48 - 53) + 53.
58
Evaluate -15 + (-4 - (17 + -8)) + 12.
-16
Evaluate (-933 - -921) + 0 + 1 - (0 + -5).
-6
What is (-56 - 13) + -49 + -5 + -8?
-131
What is -47 - (-86 - -27) - -42?
54
Evaluate -1863 + 1797 + (-3 - -2) + 2 + 18.
-47
What is -25 - 7 - (106 - 143) - -31?
36
Calculate 3 - (0 - (9 - (13 + -6)) - (-38 + 2)).
-31
Evaluate 12 + 20 + -28 + (-24 - 26).
-46
What is the value of 9 + (0 - (1 - -1)) + (2267 - 2252) - 9?
13
What is -2 + (15 + 6 + (-15 - 20) - 8)?
-24
What is -9 + 2 + 50 + -25 - (-5 + -4 + 7)?
20
(-13 - -101) + (71 - 97)
62
Evaluate (-30 - 10) + 89 + -29.
20
What is the value of -21 + 26 + -27 + 23 + -3?
-2
What is the value of -2 + -1 + -1 + 63 - 14 - 5?
40
Calculate (-11 - -6 - 10) + -5 + -1 + 65.
44
(-79 - -5 - 124) + 84
-114
Evaluate (-23 - (-22 + 15)) + 9 + 2 + (-40 - -5).
-40
What is the value of (6 + -1 - (33 - (4 + 10))) + 9 + 29?
24
What is the value of -2 + (-31 + 8 - ((-21 - -18) + 4))?
-26
What is -52 + 123 + -87 - -98?
82
Evaluate 17 + (18 - (-10 + 22) - 29) + 41 + 1.
36
What is -57 + 25 + -8 + 21 + -29 - -14?
-34
What is 17 + (-35 - -5 - 19)?
-32
0 + -13 + 55 + (46 - (-36 - -38)) + 5
91
Calculate (-539 - -509) + (21 - -1) - (-6 - 0).
-2
14 + -6 - -7 - (60 - -28) - -19
-54
15 - 14 - (37 - 11) - 41
-66
Calculate -202 - -52 - (-8 + 19 + -60).
-101
What is the value of 65 - 21 - 44 - (2 + 1 - 44)?
41
Evaluate 110 + (-141 - (-125 - -80)).
14
Calculate 102 + (-31 - 21 - 3).
47
What is the value of -47 + (-12 - 38) - (2 + (6 - 1))?
-104
Evaluate -90 + -15 + (709 - 506).
98
What is 13 + 17 + -36 + 26 - -30?
50
-43 + 103 + (96 - 233)
-77
Calculate -3 - (-1 - -7 - 35) - (-16 - (-24 - -13)).
31
What is (-531 - -503) + (8 - 3)?
-23
Calculate -42 + 19 - -37 - (21 - 0) - 12.
-19
80 - (52 + 46 + -66)
48
Evaluate (23 - -31) + (120 - 207).
-33
What is 31 + (30 + 15 + -31 - 112)?
-67
Evaluate -3 + 8 + 26 + (-109 - -165).
87
Evaluate -2 + -1 + 40 + -46 + (46 - (-12 - -27)).
22
Calculate -6 - (-50 - (-8 - 24)) - (-1 + -59 - 2).
74
Evaluate -13 - (-20 - 9) - 22 - (3 - (-56 + 0)).
-65
Calculate 17 - (11 + (-21 - (9 + 8))).
44
Calculate -57 - -30 - -23 - (-26 + 29).
-7
Evaluate (4 - 118 - (312 + -317)) + 5.
-104
What is the value of 25 - (-16 - -1 - (-310 - -298))?
28
Evaluate (663 - 600) + (-41 - -8).
30
10 + (9 - (-36 - -22 - -1))
32
(-22 - (0 - 0)) + (19343 - 19330)
-9
What is the value of 5 - (20 + -3 + (82 - 20) - 10)?
-64
What is 603 + -565 - (-30 + -35)?
103
-43 + (-24 + (-14 - -11) + 14 - (-15 + -9))
-32
What is the value of 14 + -15 - 22 - (-24 + 63)?
-62
-4 - -3 - (-6 + 33 - 30) - -70
72
What is 35 + (11 - (-5 + -8) - 9 - 17)?
33
Evaluate 2 - -21 - (-29 + 66 + -41).
27
What is (234 - 210) + 20 + -52?
-8
What is the value of 43 + -12 - (24 - 14)?
21
What is the value of 59 - (-55 - -53 - ((-8 - -1) + 7))?
61
Calculate 11 + (13 + (5 - 10) - 31) + -12.
-24
What is -3 - (9 + -42 + (13 - 3))?
20
53 - 8 - (88 + -11)
-32
What is the value of -24 - (11 + -131 + (-9 - -12))?
93
What is -2 + 6 + -4 + 11 + -4 + 3 - 64?
-54
(-50 - (31 - 48)) + -9
-42
Calculate 5 - ((0 - 8) + 370 + -317).
-40
Evaluate (-55 - -40 - (-1 + -16)) + -18.
-16
What is the value of 76 + (-79 - -40) + 7 - 109?
-65
What is the value of -70 + 14 + -27 + 0 + 4 + 14?
-65
-31 + (66 - 18) + (-14 - -3) - -104
110
-6 - (59 + -27) - (3 - 2) - (0 + 0)
-39
Evaluate 62 - (27 + -31 - -16 - 25).
75
Evaluate 43 - (59 + 76 + -55).
-37
What is (-167 - -27) + -158 + 291?
-7
Evaluate 15 + (-7 - (-50 - (8 + 14 + -37))).
43
14 + (2 - 4) - 9 - (49 - -1) - -2
-45
What is 72 + 141 + -37 + -107?
69
What is 6 - (10 + 23 + -22 + -13)?
8
Evaluate 19 + 103 + -128 - (-1 - 0) - (0 + 118).
-123
Calculate 54 + (41 - 6 - -18) + -26.
81
What is the value of 61 + 6 + -9 + (11 + (1 - 4) - 20)?
46
Evaluate 73 + (4 - 3 - (8 - 2)) - (265 + -257).
60
Evaluate -147 + 59 - (-70 - -87).
-105
What is the value of -8 + (-26 - 54 - -22) - (-11 - -1)?
-56
What is the value of -111 + (30 - -75) - (5 + 3 + -1)?
-13
What is the value of 46 + -160 - (26 - 14 - 53)?
-73
What is the value of (19 - 7) + 30 - (-9 + 2 + -3)?
52
40 + -1 - (-1 + -20 + -32 + 58)
34
Evaluate -30 + (64 + -59 - -85).
60
Evaluate 17 - (-17 - -85 - 21).
-30
What is the value of 7 + -2 + 7 + (-22 + 17 - 54)?
-47
What is 41 + (-99 - -56) + -3 + 0 + 3 + -35?
-37
97 - (136 + (-142 - -80))
23
What is -13 + 5 - (-195 - -238)?
-51
What is the value of (-13 - -4 - (-9 + 13 + -10)) + 22?
19
Calculate 39 - ((-3 - (4 + (-7 - -10))) + 14 - -2).
33
What is the value of 90 + (26 + -60 - 27)?
29
Calculate 15 - -16 - (-51 + 19 + 17).
46
What is -48 + (-26 - (-5 - (-22 - -66)))?
-25
(-11 + 17 + -4 - ((0 - -4) + -7)) + -65
-60
Evaluate (-78 - ((3 - -3) + (-25 - -4 - -4))) + -2.
-69
What is the value of -9 + (6 - 30) + 30 + -31?
-34
219 + (-105 - (18 - -17))
79
What is -47 + (-32 + 45 + 15 - 16)?
-35
Calculate -31 + 28 - (-8 + (3 - 2) + -1 - 0).
5
Evaluate -12 + 19 + 0 + (12 - (8 + -11)) + -5.
17
-1 + -45 + 51 + 9 + 0 + 41
55
55 + -35 - ((-6 - -9 - 0 - 0) + 2)
15
Evaluate -7 + -2 + -1 + 0 - (986 - 927).
-69
Calculate -45 - (-5 + 79 + -307 + 277).
-89
(10 - (-97 + 39)) + -8 + 14
74
(-8 - (-30 - -55)) + 39 - 30
-24
-1 - -73 - (21 - -11)
40
What is -60 + 42 + 13 + 2 + -9?
-12
What is 14 - (5 - ((0 + -8 - -7) + -2))?
6
Evaluate (0 - -15) + (53 - 53) - (21 + -11 + 145).
-140
Calculate 0 + -5 + 5 - (57 + -16 - 65).
24
111 - (91 + -66 - -204)
-118
Calculate 4 - -2 - ((6 - -6 - (-32 - -54)) + -1).
17
What is -14 + -30 + 32 + 2 + 28?
18
What is the value of 7 + 9 + -17 + (-12 - -12 - -54)?
53
Evaluate -12 - (-36 - -4) - (-16 + -5).
41
6 + -2 - 2 - 11 - (-26 - -40)
-23
(1401 - 1353) + 2 + -44
6
(-246 - -44 - -213) + (-2 + 1 - 21)
-11
-2 + (-76 + 67 - (-15 + -2)) + 1 - 59
-52
-80 + 2 - (529 + -523) - (20 + 2)
-106
-199 - -190 - (-3 + 1 + 18)
-25
Calculate -1 + 16 + -1 + (13 - 14).
13
(-11 - (-15 + -16)) + (21 - (19 + -47))
69
What is the value of (35 - 72) + -31 - -19?
-49
Calculate -18 - (38 + -17) - (1 + -21).
-19
Evaluate (-55 - -53) + -53 + 44.
-11
Evaluate -11 + 60 + -5 + 56.
100
Evaluate 4 + 9 + 4 + (-7 - (6 - 4)).
8
Evaluate (10 - (0 + 0)) + (730 - 732) - 72.
-64
94 + 8 + (32 - 20)
114
Evaluate -4 + 0 + (6 - 11) + -1 + -30.
-40
Evaluate (-12 - -8) + 6 - (1 + -10 + -30).
41
Calculate -21 - (-33 - (20 + -3 - 39)).
-10
Evaluate 174 + -171 + (0 - 0) + 6 + -6 + 48.
51
What is -31 + (-9 + 75 - 57)?
-22
What is (-30 - -45) + -24 - (-5 + 13)?
-17
Calculate (2 - (17 + 5 + -15 + 3)) + 70.
62
Calculate 29 - (-34 - -2 - -73).
-12
(50 - 49) + (4 - 2) - -8 - (4 + -11)
18
What is 78 + (-69 - 14) - (-3 - -5 - -51)?
-58
What is -10 - (9 - (-7 + (17 - -3 - 8) + 10))?
-4
What is the value of 28 + 40 + -69 + 63?
62
Calculate (7 - 59) + -22 + 30.
-44
What is -34 + -39 + 111 + -23?
15
Calculate 4 - (-374 - -372 - (1 + 30 - 2)).
35
Evaluate 102 - (45 - -67) - (1 + (-2 - -22)).
-31
What is the value of 20 + 27 - (-11 + 8 + 6)?
44
Calculate (3 - -11) + -5 + 1 - (-223 + 211) - -7.
29
((0 - -9) + 14 + -18 - -4) + -50
-41
What is the value of 47 + (166 + -226 - 75)?
-88
Calculate 7 - (42 + -32) - ((-3 - 7) + -2).
9
What is the value of (-17 + 23 - -18 - 16) + 10 + 74?
92
What is 52 + -55 + (-7 - -1) + (-10 - -7 - 6)?
-18
-230 + 229 - (-2 - 93)
94
Evaluate -6 + (-4 - -2) + (-22 - (-22 + -47) - 0).
39
Evaluate (-82 + 96 - 163) + 81.
-68
Evaluate 0 + (0 - (-19 - -6 - -7)) + -8 + 63.
61
Evaluate (339 - 129) + -288 - (-8 + -1).
-69
What is -74 - (-50 + (47 - 23))?
-48
